(-2).
-8
Suppose 26 = 3*p + 23. Let h(t) = t. Let m(d) = -11*d - 1. Let f(n) = -6*h(n) - m(n). Give f(p).
6
Suppose 58*l = 60*l - 46. Let j(d) = d**2 - 23*d. What is j(l)?
0
Let z(s) = -6*s - 2. Let o be 28/(-21)*(-9)/6. Let v be 7/o*28/(-49). What is z(v)?
10
Let n = 8 - 4. Suppose 0 = z - n. Let l(i) = -2*i**2 - i + 1. Let u(p) = -4*p**2 - 2*p + 2. Let m(k) = z*u(k) - 7*l(k). Give m(1).
-2
Let q(z) be the third derivative of -z**9/60480 + z**7/2520 - z**6/720 + 4*z**5/15 - 2*z**2. Let t(o) be the third derivative of q(o). Give t(-2).
3
Let n(v) = -5 - 17*v**2 - 5*v**2 + 23*v**2 + 4*v. Give n(-5).
0
Let a(b) be the third derivative of -b**4/24 - 3*b**3 + 3*b**2 + 15*b. Give a(-6).
-12
Let w(t) = 3*t**3 - 2*t**2 + 1. Suppose 5*k - 129 = 3*x, 2*k + 0*k - 3*x = 48. Let n be 2/(-9) - 264/k. Let i = 9 + n. Give w(i).
-4
Let k(g) = -32*g**2 - 2*g**2 + 36*g**2. Let i(y) = y + 3. Let t be i(-4). Determine k(t).
2
Let b(n) = 0*n - 1 - 5*n + n**2 + 0 - 7. Suppose 27*d - 50 = 112. Determine b(d).
-2
Suppose -2*i = -4*m - 10, -m - 1 = 3*i - 23. Let s(c) = -2*c + 23. Give s(i).
9
Let s(r) = 16*r + 15. Let g(b) = -13*b - 16. Let q(k) = 6*g(k) + 5*s(k). Calculate q(17).
13
Let l be 3/(12/14)*-2. Let v be (-10)/(-15) - l/3. Let k(w) = v - 12*w + 4*w**2 - w**3 + 9*w + 0*w**2. Determine k(2).
5
Let a = 172 - 175. Let n(d) be the second derivative of d**4/12 + d**3/6 - d**2/2 - 2*d. Calculate n(a).
5
Let k(c) = c**3 - 7*c**2 + 5*c - 6. Suppose -5*y = -l + 11, 2*y = 3*l - 17 - 3. Calculate k(l).
-12
Let z(v) = v**3 - 3*v**2 - 2*v - 1. Suppose -5*q + 2 = -4*q + h, 5*q = 2*h + 10. Let r(g) = -g**3 + 2*g**2 + 2*g + 1. Let m(w) = q*z(w) + 3*r(w). Give m(-2).
5
Let q(w) = -29 + 16 + 4*w + 18 + w**2. Let y be q(-5). Let t(f) = -13*f - y*f + 23*f + f**2 - 8*f + 3. What is t(7)?
-4
Let j(i) = -16*i**3 - 16*i. Let m(o) = 86 - 86 + 3*o + 3*o**3. Let c(n) = -2*j(n) - 11*m(n). What is c(-2)?
10
Let c(x) = -3*x - 2. Let j(t) = 55*t + 61*t - 115*t - 1. Let v(h) = c(h) + 4*j(h). Calculate v(5).
-1
Let i(v) be the second derivative of -v**4/12 + v**2/2 + 484*v. Calculate i(2).
-3
Let d(n) = n**3 - 7*n**2 - 2*n - 1. Suppose 0 = -0*u - 2*u + 4. Suppose -u*z - z + 23 = 2*a, 0 = 2*z + 4*a - 18. Determine d(z).
-15
Let u(r) be the first derivative of -r**5/60 + 7*r**4/24 - 5*r**3/3 - 18. Let d(v) be the third derivative of u(v). What is d(9)?
-11
Let v(q) = q**3 + 5*q**2 + 3*q - 1. Let j be (-19)/(133/42) + (-1)/(-1). Calculate v(j).
-16
Let s be (-2 - (-15)/6)*-6. Let w be 1*s*32/12. Let a(d) = 2 - 4 - d - 4. Calculate a(w).
2
Let t(x) = x - 2. Let w be 2/2 + -4 - -2. Let a(z) = -6*z - 1. Let s be a(w). Suppose -s*b - 3*h = -10, 5*b + h + h = 15. Calculate t(b).
3
Let a(k) = 44*k + 6*k**2 + k**3 - 2 - 52*k - 13*k**2. Let j = -7 - -15. Give a(j).
-2
Let h(r) be the second derivative of -r**4/12 + r**3/2 + 9*r**2/2 + 83*r. What is h(-2)?
-1
Let b(d) = -d**3 - 6*d**2 - 7*d - 4. Let y be b(-5). Let o(h) = -h**3 - 4*h - 11 + 9 + 6*h**2 - h + h**2. What is o(y)?
4
Let u(y) = 6*y**3 + y**2 - 1. Let b be u(1). Let s(d) = d + 0*d - 1 + b - 1. Calculate s(-3).
1
Let c(f) = -2*f**2 + 4*f - 3. Let k(q) = -q**3 + 11*q**2 - 12*q + 10. Let t be k(10). Let s = t + 12. Suppose 5*a = 4*a + s. Determine c(a).
-3
Suppose 0 = 4*l - 9 + 25. Let s(o) be the first derivative of o**2/2 + 4*o + 1. Determine s(l).
0
Let k(u) be the third derivative of 0 + 0*u + 5/3*u**3 - 1/6*u**4 + 9*u**2 - 1/40*u**5. Let z(n) be the first derivative of k(n). Give z(-3).
5
Let w(d) be the second derivative of d**4/12 - 3*d**3 + 6*d**2 + 7*d - 3. Determine w(18).
12
Suppose -2*o + 7 = s, 21*o - 20*o = 3*s + 7. Let t(x) = 3*x - 7. Calculate t(o).
5
Let h = 69 + -54. Suppose s - 4*s = -3*x + h, 3*x + 5*s = 7. Let u(k) = -k + 1. Calculate u(x).
-3
Suppose -5*r + r = -16. Let b = 12 + -2. Let l(d) = 3 - b - d**2 + 5 + 5*d. Give l(r).
2
Let s(m) = -7*m - 11. Let f(t) = -27*t - 41. Let p(b) = -4*f(b) + 15*s(b). Give p(-10).
-31
Let c(r) = -6*r**2 + 4*r + 33. Let q(j) = j**2 + j + 2. Let p(i) = c(i) + 5*q(i). Give p(13).
-9
Let m be 43/((1/(-3))/(840/(-18))). Let x(c) = -5*c + 2*c + 6027 - m. Determine x(8).
-17
Let b be (2 - 0)/(8/(-48)). Let z be 30/b*(-12)/5. Let h be 1/((-8)/z)*8. Let u(d) = d**3 + 6*d**2 - 7. What is u(h)?
-7
Let v be 2/4*(5 - 3). Let u(r) = 3*r - 1. Let y be u(v). Let w(b) = 2*b**3 + y + 3*b**2 - 2*b**3 - b**3 - 10*b**2. What is w(-7)?
2
Let t(n) be the second derivative of n**3/2 - 3*n**2/2 - n. Suppose -2 = -3*v + 4*v, 4*y - 78 = -3*v. Suppose 4*k + y = 11*k. Give t(k).
6
Suppose -3 = -2*i - w, 4*w = -2*i - 2*i. Let y be i - (-4 - -7) - -4. Let r(p) = 0*p + 4*p - 2*p - 2. What is r(y)?
6
Let w(x) = -2 + 24 - 2*x + x**2 - 29. What is w(6)?
17
Let f(x) = -x**2 - 8*x + 9. Let k be f(-9). Let i(m) = 10*m + 89 - 10*m + m**2 - 95. Give i(k).
-6
Let o(h) = -h - 4. Let n(k) = k**3 + 15*k**2 - 5*k - 8. Let v be n(-15). Let m = 62 - v. Give o(m).
1
Let b(u) = 28*u + 424. Let y be b(-15). Let n(x) = -x**2 + 3*x. Determine n(y).
-4
Suppose 22*v = 49*v + 81. Let b(w) = -2*w - 3. What is b(v)?
3
Let v(z) be the first derivative of z**4/4 + 5*z**3/3 - z**2 - 6*z + 152. Calculate v(-5).
4
Let k(h) be the third derivative of 40*h**2 + 4/3*h**3 + 1/60*h**5 - 1/3*h**4 + 0*h + 0. Calculate k(8).
8
Let l(z) be the first derivative of 2*z**2 + 6*z + 178. Give l(-4).
-10
Let a(o) be the third derivative of o**4/12 + o**3/2 - 401*o**2. Determine a(4).
11
Let q(o) = 3*o**2 + 6*o - 8. Let v(i) = 13*i**2 + 26*i - 36. Let f(b) = 9*q(b) - 2*v(b). Determine f(-3).
3
Let c(k) be the second derivative of k**5/20 - 7*k**4/12 + k**2 + 13*k. Let w = 9 + -5. Suppose w = 5*n + 4*h - 31, -n + 4*h + 7 = 0. What is c(n)?
2
Let a(z) = -4*z**2 - z + 12*z**2 + 8 - z**3 - 2*z**2. Let l be a(6). Let i(g) = 7*g - 3. Determine i(l).
11
Let r(u) be the first derivative of 2*u**2 + 2*u - 61. What is r(-5)?
-18
Let m(p) = 3*p**2 + 9*p - 2. Let y(n) = -16*n**2 - 47*n + 10. Let i(z) = 11*m(z) + 2*y(z). What is i(-5)?
-2
Let d(z) = -2*z - 3. Let c(m) = 4*m + 7. Let o(v) = -2*c(v) - 5*d(v). Suppose -5*y = n + 19, 4*y + 5*n + 10 = -1. Let w = y + 1. Give o(w).
-5
Let w(q) = 4*q + 4 - 2*q - 4*q. Let c(i) = -i + 3. Let a = -163 + 156. Let o(k) = a*c(k) + 5*w(k). Determine o(-5).
14
Let h(m) = 3*m + 3. Let z = 49 - 44. Give h(z).
18
Let a(t) = -t**2 - 6*t. Let k(v) be the third derivative of -v**6/120 + 7*v**5/60 + 5*v**4/12 - 19*v**3/6 - 10*v**2. Let r be k(8). What is a(r)?
9
Let a be (-1)/(((-26)/(-6))/(-13)). Let z(w) = w**2 - w - 8. Calculate z(a).
-2
Let r(c) = -c + 4. Let f(o) be the first derivative of o**2/2 + 5. Let d = 0 + 2. Let q(t) = d*f(t) + r(t). Give q(-6).
-2
Let o(n) be the third derivative of -6 - 1/60*n**5 + 1/24*n**4 + 1/6*n**3 + 3*n**2 + 0*n. Determine o(0).
1
Let d(x) = 0*x**2 + x**2 + 2 + 0*x**2 + x + 0*x - x**3. Let b = -105 + 108. What is d(b)?
-13
Let a(o) = -2*o - 25. Suppose -56*h - 502 - 114 = 0. What is a(h)?
-3
Let m(j) = -2 + 22*j - 2 + 1 - 30*j. Calculate m(4).
-35
Let d(q) = -q**2 - q - 3. Let b = 2 - 0. Let c(p) = -2*p**2 - 2*p - 7. Let k(y) = b*c(y) - 5*d(y). Let f(s) be the first derivative of k(s). What is f(3)?
7
Let t(h) = -2*h**2 + 38*h - 31. Let u be t(18). Suppose -u*p = 0, -4*y + 4*p + 0 + 12 = 0. Let n(v) = 4 + 0 + 0 + v**3 - 4*v**2. What is n(y)?
-5
Suppose -26*l - 5*u = -28*l + 18, 4 = -u. Let g(k) = -3*k**3 + 2*k**2 - k - 2. Give g(l).
4
Let s(y) = y**3 - 9*y**2 - 21*y - 4. Let h be s(11). Suppose -2*t - c = -7, -10 = -5*t + h*c - 2*c. Let x(w) = -w**2 + 2. What is x(t)?
-7
Let h be (1/(-4))/((-37)/1036). Let x(d) = -d**2 + 10*d - 10. What is x(h)?
11
Suppose 12 = 13*b - 11*b. Let t(j) = j**2 - 8*j + 6. Determine t(b).
-6
Let h(f) = f**2 - f - 3. Let v(y) = 18*y**3 + 3*y**2 - 4*y - 12. Let b(n) = 4*h(n) - v(n). Let q be 1 - (-3)/((-6)/4). Determine b(q).
19
Let b(t) = -2*t + 27. Let v be b(15). Let y(f) = -8*f - 19. Let l be y(v). Let m(g) = g**2 - 6. What is m(l)?
19
Let a be 5/(120/(-16))*27/6. Let d(f) be the second derivative of -7*f**3/6 - f**2/2 - 4*f. Give d(a).
20
Let d(j) be the first derivative of j**2 + 66. Suppose 0*t = -4*t - 8. Calculate d(t).
-4
Let z be (2/(-6))/((-1)/(-3)). Let t = 48 - 45. Let f(b) = t + 212*b - 2 - 105*b - 119*b. What is f(z)?
13
Suppose -379*t = -376*t - 2*n + 20, -n = t + 